prime factors of r.
3
Suppose -s - 7 = -3*a - a, 2*a = 4*s - 14. Suppose a*g - 33 = -3. List the prime factors of g.
2, 5
Let u(y) = -13*y - 1. Let r be u(-1). Suppose h - 3*h = -r. List the prime factors of h.
2, 3
Let v(z) = -z**2 + 5*z - 3. Let w be v(6). Let b(o) = -14*o - 13 + 2*o - o**2 + 0*o. What are the prime factors of b(w)?
2, 7
Suppose u - 3*i + 39 = -i, 5*u + 2*i + 231 = 0. What are the prime factors of (-570)/u - 4/6?
2, 3
Let v(h) = -38*h - 5. What are the prime factors of v(-5)?
5, 37
Let w(l) = l + l + 1 + 8*l**2 + 4*l**2 + 9*l**2. What are the prime factors of w(-1)?
2, 5
What are the prime factors of (-133)/(-4) - 2/8?
3, 11
Let u(q) = -37*q + 2. Let v be u(-2). Suppose -3*i - h = -v, -4*i - 2 = 5*h - 107. What are the prime factors of i?
5
What are the prime factors of (-1408)/(-55) + 2/5?
2, 13
Let b = -31 - -22. Let x = -40 - -24. Let s = b - x. What are the prime factors of s?
7
Suppose n = 2*v + 65, -4*v - 197 = -0*n - 3*n. List the prime factors of n.
67
Let u be (-1 - -7) + -3 - 3. Let q be 2 + u - (-11 + -4). Let d = q - 12. What are the prime factors of d?
5
Suppose -m - 5*d - 19 = 0, -d + 33 = 3*m - 4*d. Suppose -m*l = -157 - 77. What are the prime factors of l?
3, 13
Let j = 46 - 6. List the prime factors of j.
2, 5
Suppose 26*s - 35*s = -657. What are the prime factors of s?
73
Let u = -4 - -2. Let w be ((-20)/6 - u)*-15. Suppose -3*l = l - w. What are the prime factors of l?
5
Suppose -5*l + 72 = -98. Suppose 0 = 5*a - 2*n - 26 - l, -4*a - 3*n + 25 = 0. List the prime factors of a.
2, 5
Let i = 32 - 24. Suppose 10 = -5*d, -3*m + 22 = m - d. Suppose -i = -m*a + a. List the prime factors of a.
2
What are the prime factors of 6*(1 + 24/3)?
2, 3
Suppose 0 = -5*q + 3*q + 360. Suppose -4*y + q = -2*o, -3*y + 5*o = -y - 98. Suppose 4*v - 32 = 4*b, 4*v = -v + 3*b + y. List the prime factors of v.
2, 5
Let f(o) = -o + 10. Let b(z) = -8*z**2 - z + 1. Let u be b(2). Let t be u/(-9)*(0 - 3). What are the prime factors of f(t)?
3, 7
Suppose 5*v = 4*l - 8 + 23, 0 = 2*l + 2*v - 6. Suppose 0 = -3*x - l*x + 144. Suppose 0 = -5*i - 4*f + 26, -5*i + 4*f = 14 - x. What are the prime factors of i?
2, 3
Suppose 2*o + 3*o + 180 = 5*u, -2*u - o + 75 = 0. List the prime factors of u.
37
Let c be (10 - -1)*(-2)/2. Let b = c - -15. List the prime factors of b.
2
What are the prime factors of 370/4 + 1/2?
3, 31
Suppose 4*n - 2*n + 3*y - 118 = 0, -73 = -n - 5*y. What are the prime factors of n?
53
Let h be (-22)/4 - (-9)/6. List the prime factors of ((-10)/7)/(h/28).
2, 5
Suppose 4*q = -12, 0 = -u - 2*u - 3*q + 3. Suppose 0 = 4*i + 2*d - 128, -7*d - 116 = -u*i - 3*d. Suppose 5*w - 34 = i. What are the prime factors of w?
13
Let u(d) = d**3 - 20*d**2 + 24*d - 44. What are the prime factors of u(20)?
2, 109
Let d(k) = 3*k**2 - 1. Let j be d(1). Suppose 5*r + 13 = -2*g - 8, j*g - 14 = 2*r. What are the prime factors of g?
2
Let t(r) = 5*r**2 + 2*r + 22. List the prime factors of t(6).
2, 107
Suppose -41 = 3*r - k, 0 = 2*r + 2*k + 2*k + 4. Let f be 93/4 + 5/(-20). Let s = f + r. List the prime factors of s.
11
Let t be (-75)/18 + 1/6. Let v(r) = r**2 + 2*r - 5. List the prime factors of v(t).
3
Suppose -26 = -9*u + 109. List the prime factors of u.
3, 5
Let d(h) = -h**3 - 2*h**2 - 4*h - 3. Let c be d(-3). Let p = c + -12. List the prime factors of p.
2, 3
What are the prime factors of (875/7)/(2 + -1)?
5
What are the prime factors of (-5 + (-52)/(-12))*-147?
2, 7
Let w(z) = -10*z - 15. What are the prime factors of w(-5)?
5, 7
Let o(t) = -t**3 + 3*t**2 - 1. Let s be o(2). Suppose 2*i = 4*p + 52, -4*p + s*p + 59 = 4*i. List the prime factors of i.
2
Let y be (1 + 7/(-3))*129. Let r = 62 - 118. What are the prime factors of y/(-14) + 16/r?
2, 3
Suppose 33 = -4*y + 173. Let z = -19 + y. What are the prime factors of z?
2
Suppose -69 = -2*k - k. List the prime factors of k.
23
Suppose 2 = -h + 2*h. Suppose h*q = 18 + 12. What are the prime factors of q?
3, 5
Let w be (15/6)/(1/(-2)). Let c(r) be the third derivative of r**5/60 + r**4/6 - 3*r**2. What are the prime factors of c(w)?
5
Let r be (-7)/9 + (-2)/9. Let h be r/3 - (-39)/9. Suppose -o + h + 3 = 0. What are the prime factors of o?
7
Suppose 2*k = 17 + 9. List the prime factors of k.
13
Suppose 0 = -3*g - g + 20. Let j(l) = -l - 6. Let m(f) = 2*f + 6. Let a(p) = 4*j(p) + 3*m(p). What are the prime factors of a(g)?
2
Suppose 5*g = 9 + 21. Let p(h) = h**3 - 5*h**2 - 4*h. List the prime factors of p(g).
2, 3
Suppose 4*j - 6 = 2*a, 5 - 10 = -4*j + 3*a. Suppose 4*p - 55 = -3*c, 6*p = 3*p - j*c + 41. List the prime factors of p.
13
Let i(x) = -x + 3. Let z be i(3). Suppose -2*j + 3*j - q = 18, 2*j + 2*q - 32 = z. List the prime factors of j.
17
Let l(n) = 6*n**3 + 3*n**2 - 6*n - 3. What are the prime factors of l(3)?
2, 3, 7
Suppose d - 2*d + f = -105, 0 = -5*d + 2*f + 516. List the prime factors of d.
2, 3, 17
Suppose 3*t - 277 = 188. What are the prime factors of t?
5, 31
Suppose 3*d + 0 = 9. Let y be -38 - d/6*4. What are the prime factors of (-6)/9 - y/6?
2, 3
Suppose 5 = -4*t - 3, -3*t - 42 = -4*p. List the prime factors of p.
3
Let q = 3 - -14. List the prime factors of q.
17
Let i(h) = -2*h + h**3 - 8 + 7*h**2 + 3 - 2. What are the prime factors of i(-7)?
7
What are the prime factors of (-17 - -3)/(2/(-3) + 0)?
3, 7
Suppose -136 - 32 = -4*n. What are the prime factors of n?
2, 3, 7
Suppose -3*o - p = p - 15, -3*p + 6 = -o. Suppose -2*b = o*b. Suppose b = -2*l - 2 + 34. List the prime factors of l.
2
Let n = 360 + -188. List the prime factors of n.
2, 43
List the prime factors of (-4 + 6)*(-69)/(-6).
23
Let k(i) = -i**3 - i**2 + 2. Let l(n) = -n**2 + 2*n + 4. Let g be l(4). Let j be 20/(-9) - g/18. What are the prime factors of k(j)?
2, 3
Let x(d) = 2*d**3 + 9*d**2 - 3*d + 4. Let w(j) = -3*j**3 - 14*j**2 + 4*j - 6. Let v(g) = 5*w(g) + 7*x(g). What are the prime factors of v(-7)?
5
Let a be 8/(-28) + 219/7. Let w = 55 - a. List the prime factors of w.
2, 3
Suppose -73 - 35 = -s. Suppose 5*g + p - 147 = 0, -g = 3*g - 4*p - s. What are the prime factors of g?
29
Let f(h) = -h**3 - 6*h**2 - 6*h - 5. List the prime factors of f(-7).
2, 43
Suppose 4*p + 2*z + 6 = 0, 0*z = -2*p - 4*z. Let j be p - (-4 - (1 + 1)). Suppose 3*x - j*n = x + 6, -2*n + 2 = 0. List the prime factors of x.
5
Let l(p) = -p - 2. Let d be 5/(10/6) + 2. Suppose 28 = -4*n - 0*z - z, d*z + 35 = -5*n. What are the prime factors of l(n)?
5
What are the prime factors of (-2854)/(-17) - 4/(-34)?
2, 3, 7
Let n = -14 + 37. List the prime factors of n.
23
Suppose 6*y - 10 = y. List the prime factors of y.
2
Let h = -36 - -136. Suppose -4*d = -0*i + i + h, -5*d = -10. What are the prime factors of (-2)/(-3)*i/(-8)?
3
Let f be ((-2)/(-3) + 3)*3. Suppose f*r = 10*r + 30. List the prime factors of r.
2, 3, 5
What are the prime factors of (-10)/2 - 3596/(-29)?
7, 17
Suppose 5 - 17 = -4*z. List the prime factors of 9 + 1 - z/3.
3
Suppose -4*f + 5 = -5*s - 2, -5*s = -2*f - 9. Let m(c) = -c + 10. Let g be m(-10). Let h = g - f. List the prime factors of h.
2, 3
Let o = 3 + 10. List the prime factors of o.
13
Let t = -7 + 12. Suppose t*s = -5*c + 145, 2*s - 8 + 118 = 5*c. List the prime factors of c.
2, 3
Suppose 2*g + 7 = 5*x, 3 = g + 4. Let z = x + -2. What are the prime factors of z/((-2)/2) - -2?
3
Suppose -4*c = -47 - 1. Let m be (6/(-4))/(9/c). Let z = 1 - m. List the prime factors of z.
3
Suppose 5*d + 2*t = 518, -5*d + 4*d - t + 103 = 0. What are the prime factors of d?
2, 13
Let j = 2 - -1. Suppose 2*a - 32 = -3*o, -2*o + 16 + j = -a. Let k = -4 + o. What are the prime factors of k?
2, 3
Suppose -10 = -4*i + 6. Let c be 0/(1 - 2 - 1). Suppose c = p + i*p - 10. List the prime factors of p.
2
Let u be (-2 + 5)/(-3) + 17. Let t = -9 + u. List the prime factors of t.
7
Let p(s) = 2*s**2 + 3*s + 4. What are the prime factors of p(3)?
31
Let l be 2*(2 - 0 - -3). Let p = l + -8. Suppose -26 = -p*w - 4. What are the prime factors of w?
11
Suppose 3*b = -2*b + 1260. List the prime factors of b.
2, 3, 7
Let u = 4 - 8. Let h be 18/14 - u/(-14). List the prime factors of 11*h - (-3 + 4).
2, 5
Let h(r) be the second derivative of -r**4/12 + r**3 + 2*r. List the prime factors of h(4).
2
Suppose -3*h - 4*y = 6 - 117, 0 = -3*y. What are the prime 